What is the thousands digit of 4641966941?
6
What is the tens digit of 13848303?
0
What is the units digit of 23911070?
0
What is the hundreds digit of 27014632?
6
What is the millions digit of 1552467879?
2
What is the ten millions digit of 34059692?
3
What is the ten thousands digit of 35077714?
7
What is the ten millions digit of 462675627?
6
What is the ten thousands digit of 85748283?
4
What is the hundred thousands digit of 521065602?
0
What is the tens digit of 100775098?
9
What is the tens digit of 1046062252?
5
What is the thousands digit of 763053376?
3
What is the ten millions digit of 4228348679?
2
What is the hundred millions digit of 151633612?
1
What is the tens digit of 865583967?
6
What is the ten millions digit of 512361098?
1
What is the units digit of 178011344?
4
What is the hundred thousands digit of 1601220769?
2
What is the units digit of 2024933489?
9
What is the hundred millions digit of 2640321094?
6
What is the millions digit of 1273414?
1
What is the ten millions digit of 45889112?
4
What is the units digit of 912029709?
9
What is the hundred millions digit of 1634062130?
6
What is the units digit of 1797589008?
8
What is the ten thousands digit of 204055395?
5
What is the millions digit of 8314967178?
4
What is the units digit of 218726663?
3
What is the tens digit of 210230092?
9
What is the ten millions digit of 68658485?
6
What is the millions digit of 768889953?
8
What is the ten millions digit of 754439655?
5
What is the units digit of 1863978961?
1
What is the thousands digit of 2691346571?
6
What is the tens digit of 62927051?
5
What is the ten millions digit of 308754960?
0
What is the hundreds digit of 184594169?
1
What is the hundred millions digit of 1153278774?
1
What is the ten millions digit of 82569009?
8
What is the tens digit of 405509528?
2
What is the hundreds digit of 250274877?
8
What is the tens digit of 51434845?
4
What is the billions digit of 1727979824?
1
What is the hundreds digit of 72626499?
4
What is the hundred thousands digit of 423531528?
5
What is the ten millions digit of 143516230?
4
What is the billions digit of 2965439029?
2
What is the hundred thousands digit of 995444886?
4
What is the ten thousands digit of 1103699463?
9
What is the hundreds digit of 8273996?
9
What is the tens digit of 3610332045?
4
What is the tens digit of 526592682?
8
What is the units digit of 27789667?
7
What is the units digit of 293392305?
5
What is the millions digit of 3469559130?
9
What is the ten millions digit of 222169600?
2
What is the millions digit of 429030348?
9
What is the hundred millions digit of 1829329954?
8
What is the hundred thousands digit of 65591088?
5
What is the hundreds digit of 2626610828?
8
What is the ten thousands digit of 22391958?
9
What is the hundred thousands digit of 7059510227?
5
What is the tens digit of 477933851?
5
What is the millions digit of 89704185?
9
What is the millions digit of 1260402197?
0
What is the ten millions digit of 224866786?
2
What is the hundreds digit of 144055977?
9
What is the hundred thousands digit of 5400495572?
4
What is the hundred thousands digit of 1165518288?
5
What is the millions digit of 3379331773?
9
What is the ten millions digit of 166518745?
6
What is the hundred thousands digit of 52211686?
2
What is the hundred thousands digit of 335109430?
1
What is the millions digit of 53374290?
3
What is the thousands digit of 446352648?
2
What is the units digit of 175282292?
2
What is the hundred thousands digit of 1333056137?
0
What is the ten thousands digit of 411142381?
4
What is the tens digit of 892084939?
3
What is the hundreds digit of 705086803?
8
What is the hundreds digit of 2150275089?
0
What is the hundred millions digit of 3331577594?
3
What is the ten millions digit of 1020484021?
2
What is the hundred millions digit of 435356994?
4
What is the hundred thousands digit of 4381000953?
0
What is the hundreds digit of 518991705?
7
What is the millions digit of 887942817?
7
What is the ten millions digit of 505931701?
0
What is the tens digit of 895631165?
6
What is the ten thousands digit of 266442268?
4
What is the thousands digit of 10574360?
4
What is the hundred thousands digit of 178434733?
4
What is the ten thousands digit of 75311736?
1
What is the thousands digit of 212142965?
2
What is the ten millions digit of 42547681?
4
What is the hundreds digit of 242858184?
1
What is the thousands digit of 4342610?
2
What is the hundred thousands digit of 2496023?
4
What is the units digit of 26344043?
3
What is the ten millions digit of 20428931?
2
What is the tens digit of 58821141?
4
What is the ten thousands digit of 167431543?
3
What is the ten millions digit of 399988025?
9
What is the ten millions digit of 25057934?
2
What is the units digit of 1469405575?
5
What is the millions digit of 32358399?
2
What is the hundred millions digit of 339258403?
3
What is the hundreds digit of 77383427?
4
What is the hundred thousands digit of 3282959904?
9
What is the ten millions digit of 46211128?
4
What is the tens digit of 3564459069?
6
What is the thousands digit of 17799851?
9
What is the hundred thousands digit of 37392503?
3
What is the units digit of 8218276?
6
What is the thousands digit of 1211375568?
5
What is the units digit of 866604129?
9
What is the millions digit of 18979096?
8
What is the billions digit of 2338689033?
2
What is the units digit of 611201263?
3
What is the hundreds digit of 191071815?
8
What is the hundreds digit of 911826655?
6
What is the tens digit of 721745818?
1
What is the tens digit of 367296362?
6
What is the tens digit of 758099233?
3
What is the hundreds digit of 1048325771?
7
What is the millions digit of 188561329?
8
What is the millions digit of 44760817?
4
What is the hundreds digit of 96333577?
5
What is the millions digit of 29368786?
9
What is the ten thousands digit of 94178711?
7
What is the hundreds digit of 1409772910?
9
What is the hundred millions digit of 2583517544?
5
What is the hundred thousands digit of 987940174?
9
What is the hundreds digit of 357934564?
5
What is the tens digit of 1775962447?
4
What is the tens digit of 29154142?
4
What is the ten thousands digit of 909288234?
8
What is the tens digit of 250482?
8
What is the hundred millions digit of 409938772?
4
What is the hundreds digit of 227206372?
3
What is the hundreds digit of 2014107754?
7
What is the hundreds digit of 47922761?
7
What is the ten millions digit of 1281082312?
8
What is the units digit of 7236730?
0
What is the units digit of 203136411?
1
What is the ten millions digit of 40513793?
4
What is the units digit of 2137918608?
8
What is the units digit of 63583320?
0
What is the ten millions digit of 2793107740?
9
What is the hundred millions digit of 1359450987?
3
What is the thousands digit of 1254563076?
3
What is the thousands digit of 196910016?
0
What is the ten millions digit of 187636147?
8
What is the units digit of 1039561303?
3
What is the hundred millions digit of 110444823?
1
What is the ten millions digit of 7054897312?
5
What is the ten thousands digit of 36169452?
6
What is the tens digit of 297336898?
9
What is the hundred millions digit of 695958738?
6
What is the hundred thousands digit of 48966442?
9
What is the tens digit of 23969381?
8
What is the hundred thousands digit of 76023114?
0
What is the ten thousands digit of 24797410?
9
What is the thousands digit of 98310166?
0
What is the units digit of 1093835148?
8
What is the hundreds digit of 1697922531?
5
What is the hundred thousands digit of 1533788634?
7
What is the tens digit of 105195764?
6
What is the ten millions digit of 127742472?
2
What is the millions digit of 729065252?
9
What is the thousands digit of 200447090?
7
What is the hundreds digit of 112191149?
1
What is the thousands digit of 428002351?
2
What is the ten thousands digit of 20752599?
5
What is the ten millions digit of 113766713?
1
What is the hundred millions digit of 383803881?
3
What is the hundred thousands digit of 17676757?
6
What is the hundred thousands digit of 5681209942?
2
What is the ten millions digit of 397338524?
9
What is the thousands digit of 56921543?
1
What is the tens digit of 51847342?
4
What is the millions digit of 7246184